. Let r = -340 + y. What is the units digit of r?
3
Let l(d) = -2*d + 12. Let m be l(10). Let t(k) = -k - 8. Let x be t(m). Suppose -3*w + 242 - 17 = x. What is the units digit of w?
5
Let w(i) = 2649*i + 2917. What is the hundreds digit of w(5)?
1
Let w = -4326 + 12835. What is the thousands digit of w?
8
Let o = -14619 + 26022. What is the hundreds digit of o?
4
Let x = 12112 - -11679. What is the tens digit of x?
9
What is the hundreds digit of (-22516)/(-65)*125*1/4?
8
Let s(d) = 8*d**2 - 26*d + 198. What is the tens digit of s(-17)?
5
Let g(o) = 145*o - 2. Let y be g(-3). Let n = y + 540. What is the hundreds digit of n?
1
Let c be 3 + (-2 - -2) + -311. Let b = c - -1022. What is the hundreds digit of b?
7
Suppose -8*t + 4*t = -20. Suppose t*x + 5*h = -55, 3*x + 68 + 0 = 4*h. What is the tens digit of (16/(-1))/(x/40)?
4
Suppose 0 = 162*t - 3001039 - 714674 - 1748709. What is the ten thousands digit of t?
3
Let m be 308/(-2) + (0 - 1). Suppose -2*u + 470 + 22 = 0. Let i = m + u. What is the units digit of i?
1
Let h = 6 + -2. Suppose h*j + 3*b - 1375 = 0, -j + 4*j = -4*b + 1033. What is the units digit of j?
3
Suppose z - 4*x = 3*z - 220, 5*z - 595 = 5*x. Suppose g + 56 = 3*g. Let h = z - g. What is the units digit of h?
8
Let d(u) = u**3 + 9*u**2 - 17*u + 1. Let z be d(-10). Let v = z - 71. Suppose 0*i = -5*i, v = 5*m + 5*i - 160. What is the tens digit of m?
3
Let h(x) = x**3 - 3*x**2 - 14*x + 6. Let j be h(6). Let z be j + (6/(-9))/((-4)/18). Suppose 36*s = z*s + 102. What is the units digit of s?
4
Let h = 70019 + -41738. What is the tens digit of h?
8
Suppose d + 2*d = -3*i + 27, -4*i + 4*d = 4. Let n(m) = 3*m**3 - 3*m**2 - 10*m + 2. What is the tens digit of n(i)?
0
Suppose 4*d = 4*l - 0*d - 12, d + 3 = 5*l. Suppose l*v = v - 101. Let g = -44 + v. What is the tens digit of g?
5
Suppose 0 = 5*v + q - 32828, -q = -11*v + 14*v - 19696. What is the units digit of v?
6
Let x(j) = 7*j**2 + 284*j + 270. What is the units digit of x(-52)?
0
Let p = 733 - 1440. Let n = 1276 + p. What is the tens digit of n?
6
Suppose -10*m + 5*m = 15, 0 = -2*t - 4*m - 992. What is the units digit of (-51 + 45)/(1/(t/4))?
5
Suppose 8377 = c + 2*v, 1364 + 7037 = c - 2*v. What is the hundreds digit of c?
3
Suppose -4*c = 5*x - 3 - 14, 4*c = -2*x + 14. Suppose c*n - 3*b = 4*n - 693, n = 5*b + 725. Suppose 16*t = 11*t + n. What is the units digit of t?
1
Let p(r) = r**3 - 19*r**2 + 2*r - 26. Let q be p(19). Suppose 0 = q*d - 6*d. Suppose -2*i + 3*y + 593 = 0, -y + 3*y + 10 = d. What is the units digit of i?
9
Let g(m) = 2*m**3 + 17*m**2 - 9*m - 12. Let c be g(-9). Let j be ((-549)/c)/(-1*2/8). Let w = 281 + j. What is the tens digit of w?
9
Let z(h) = -3*h**3 - 3*h**2 - 9*h + 7346. What is the hundreds digit of z(0)?
3
Suppose 0 = 8*n - 7706 - 4582. Suppose -1539 = -5*a + 3*f, -11*a + 16*a - 2*f - n = 0. What is the hundreds digit of a?
3
Suppose -2*r + 13*r = 163889. Suppose 5119 = -15*a + r. What is the tens digit of a?
5
Let j(d) = 78*d**2 - d - 16. Let c = -10 - -6. What is the thousands digit of j(c)?
1
Let b be (-4)/10*(-60)/24. Let p = b - -3. What is the tens digit of (-8)/2 - (-812)/p?
9
Let o(y) = 10*y**2 - 1 - y**2 + 2*y**3 - 4*y - 7*y**2 - y**3. What is the hundreds digit of o(6)?
2
Suppose 6*i - 906 = 126. What is the tens digit of (1 + 10)/(86/i)?
2
Suppose -52*g + 965614 = -575198. What is the hundreds digit of g?
6
What is the hundreds digit of (7 + -1 - (-7 + 15)) + 4029?
0
Let a(d) = -d**3 - 14*d**2 - 17*d - 36. Let z be a(-13). Let l be (z/20)/(((-12)/(-10))/(-3)). What is the units digit of ((2 - -4)/l)/(-1)?
3
Suppose 30*b - 36*b - 27*b = -83391. What is the units digit of b?
7
Suppose 636*c + g = 637*c - 45801, 0 = c - 2*g - 45793. What is the ten thousands digit of c?
4
Let x be (-1)/((-3)/24)*(-1)/(-2). What is the tens digit of 1427/x - (117/(-36) + 4)?
5
Let k = 8066 + 31125. What is the tens digit of k?
9
Let w(l) be the third derivative of 5*l**5/12 + l**4/3 + 4*l**3 - 10*l**2. What is the units digit of w(-3)?
5
Let i be -5*(3 + (2 - -1))/(-2). Suppose -3*h - i = 0, -23 = 2*c + 7*h - 2*h. What is the units digit of ((-30)/5*-6)/c?
6
Let a(b) be the third derivative of b**6/120 + 2*b**5/15 + b**4/8 + 26*b**2. Let k be a(-7). Let m = 29 + k. What is the units digit of m?
7
Let x(v) = 13*v + 13. Let g(u) be the second derivative of u**5/20 + u**4 - u**3/6 - 2*u**2 + 23*u. Let m be g(-12). What is the tens digit of x(m)?
1
Let z be 4/(-26) - (48955/(-65) - -11). Suppose 8195 + z = 27*b. What is the units digit of b?
1
Let s = -20474 - -25719. What is the hundreds digit of s?
2
Let r = -32355 + 54499. Suppose 30*x = -2*x + r. What is the units digit of x?
2
Suppose -7*j + 11*j + 2008 = 0. Let z = j + 302. What is the units digit of (-14)/35*(z + 0)?
0
Let t be 2/(4*(-4)/(-32)). What is the units digit of (-4 - (-614 - t))*(-2)/(-4)?
7
Suppose 0 = -2*v - 8, 248 = -7*y + 9*y + 5*v. Let i = y - 127. What is the tens digit of (-79)/4*(i - 1)*-2?
3
Let s(x) = x**3 - 5*x**2 + x + 4. Let p be s(4). Let y(g) = 4*g + 41. Let d be y(p). What is the tens digit of d/12 + (-399)/(-12)?
3
Suppose -3*d + 0*d = -4*r + 5, 0 = r + 5*d - 30. Suppose r*p = -20, 3*u + 3*p - p = 1195. What is the tens digit of u?
0
Let k = -10389 + 21433. What is the units digit of k?
4
Let a be 150/120 + 10/(-8). Suppose 3*m - b = -a*m + 2600, 12 = 3*b. What is the hundreds digit of m?
8
Let m(k) = -61*k**3 - 209*k**2 - 15*k + 9. What is the ten thousands digit of m(-7)?
1
Suppose -76*r + 12 = -79*r. Let n(g) = g**3 + 4*g**2 - 3*g - 3. Let v be n(r). Suppose -8*m + v*m = 82. What is the units digit of m?
2
Suppose 405 = -3*f - 3*w, f + 135 = -0*f + 2*w. Let z = -12 - f. Suppose z - 815 = -4*u. What is the hundreds digit of u?
1
Suppose -2*q - 3*g = -21030, 4*g = -262*q + 260*q + 21026. What is the ten thousands digit of q?
1
What is the units digit of 12/((-24)/(-21862)) + -4?
7
Let v(j) = 4 + 2 - j**2 - 3*j - 1 - 2. Let d be v(-4). What is the units digit of d/(-4) + 46/8?
6
Let z = 7088 - 3912. Suppose -12*p + z = -4*p. What is the units digit of p?
7
What is the hundreds digit of 11409/(-2)*(-15)/90*4?
8
Let w = -10 - -7. Let a be 1/w + 2352/9. Suppose -z = -0*z - m - 66, a = 4*z - m. What is the units digit of z?
5
What is the ten thousands digit of (-15605)/((-1)/3*(-9)/(-6))?
3
Suppose -12 = -3*w + 3*n, 0 = 2*w + 4*n - 4 + 2. Suppose -3*b + 2718 = -r + w*r, 0 = 4*r + b - 5446. What is the hundreds digit of r?
3
Suppose 4*u - 3*f = 6, -4*u + f = -5 - 5. Suppose 45 = -u*l + 4*l. What is the units digit of 1 - -145 - 9/(l/10)?
4
Suppose y + x = -0*y + 6179, -4*y = -4*x - 24748. What is the tens digit of y?
8
Suppose c - 2*c + 4*n - 15 = 0, 5*n - 40 = -3*c. Let q be (45 + 1)*c/(3 + -13). Let u = 46 + q. What is the units digit of u?
3
Let i = -1775 - -4475. Suppose -i = -28*k + k. What is the hundreds digit of k?
1
Let u(q) = 4*q**3 - 4*q**2 + 30*q - 99. What is the hundreds digit of u(11)?
0
Let o(s) = 7*s + 8*s + 10*s + 48 - 26*s. Let g be o(7). What is the units digit of 16/(-12)*3 + g?
7
Let a(c) be the third derivative of c**6/60 - c**5/15 - c**4/24 + 2*c**3/3 + 90*c**2 - 1. What is the units digit of a(3)?
9
Suppose 4*x + x - 1105 = 0. Let o be -5 + ((-10)/(-25))/(((-8)/(-25))/8). Suppose -4*h + x = -o*a - 32, -146 = -2*h - 4*a. What is the units digit of h?
7
Let i be (20/10)/((-1 - -2)*-1). What is the tens digit of -67 - -435 - 1/(i/4)?
7
Let a be ((-129)/(-3))/(-7 + 6). Let m = -42 - a. What is the tens digit of ((-398)/(-8))/(13/52) - m?
9
Suppose -8 + 23 = -3*x. Let q be 0 + 1*167 + 7 + x. Suppose 2*c - 77 = q. What is the units digit of c?
3
Suppose 5*d - 10 = -0*r + 2*r, 0 = 3*d - 12. Suppose 0 = -r*f + m + 3170 + 300, 3*f + m - 2074 = 0. Suppose -3*h + f = 147. What is the units digit of h?
2
Suppose 388 = -17*j + 19*j. Suppose -k + j = -2*h, 2 = 4*k - 6. Let z = -62 - h. What is the units digit of z?
4
Suppose -11*m + 0*m - 899241 = -32*m. What is the hundreds digit of m?
8
Let d = -1586 + 4114. What is the thousands digit of d?
2
Let j(r) = 3*r - 83. Let o(y) = -y + 28. Let z(h) = 3*j(h) + 8*o(h). Let w be z(13). What is the tens digit of (32/w + 3)*81?
2
Suppose -4*c - 4*x + 892 = 0, 2*x = -4*c + x + 883. Let i be c/4 - 6/(-3). What is the tens digit o